 What is the highest common divisor of j and 70?
7
Suppose -5*u + 5*t - 30 = 0, -3*u + 5*u - 3*t + 17 = 0. Let j be u/2*-4 + 0. Let x be (-1 + j)/(2/10). What is the highest common divisor of x and 45?
5
Let c = 10 + 42. Calculate the highest common divisor of 13 and c.
13
Let v(u) be the second derivative of -u**5/20 + u**4/3 + u**3/6 + 5*u**2/2 - 3*u. Let y be v(4). Calculate the greatest common factor of y and 3.
3
Suppose 11*j + 95 = 16*j. Calculate the highest common factor of 171 and j.
19
Let y = 5 - -1. Let z(s) = -8*s**2 + 7*s**2 - 16*s + 10 + 4*s. Let r be z(-10). Calculate the highest common divisor of y and r.
6
Let x = -3 - -5. Suppose 1499 = -w - 2*w + 2*r, 5*r + 1031 = -x*w. Let p be w/(-6) + (-4)/(-24). Calculate the greatest common divisor of 21 and p.
21
Let x be ((-5 + -1)*1)/(2/(-23)). Calculate the greatest common divisor of 23 and x.
23
Let j = 175 + -95. Calculate the highest common divisor of j and 10.
10
Suppose 30 = 2*z + z. Suppose -4*o - 19 = 1, -2 = -c - o. Let a be (z - 7) + c/1. Calculate the greatest common divisor of 10 and a.
10
Suppose -3*n = -n - 8. Let o(a) = -a**2 - 5*a + 2. Let d be o(-5). Calculate the greatest common divisor of d and n.
2
Let k(z) = 0*z - 3 + z**2 - 2*z + 12*z**3 + 6. Let t be k(2). What is the greatest common factor of 9 and t?
9
Suppose 2*j - 193 = -f, 6*f - f + 91 = j. Let d = -6 + 6. Suppose 60 = -d*h + 5*h. Calculate the greatest common factor of j and h.
12
Let c be (-93)/(-9) - (-3)/(-9). Suppose -c = -z + 14. Calculate the highest common factor of z and 3.
3
Let a(n) = n**3 - 5*n**2 - 11*n + 27. Let q be a(7). Suppose 10 = 5*t - 20. What is the greatest common divisor of q and t?
6
Let t(q) = -14*q + 6. Let o be t(-7). Suppose 0 = -5*m + 71 + o. Suppose -l = 0, 0 = 3*p - 2*l - 27 + 6. What is the greatest common divisor of p and m?
7
Let h be -1*45/(-3)*8/3. What is the greatest common divisor of h and 30?
10
Let w(c) = -9*c + 27. Let y be w(-5). Calculate the greatest common divisor of 18 and y.
18
Suppose 84 = 3*n + n. Let u be n - (2 + 2 + -5). What is the highest common factor of 2 and u?
2
Suppose z + 1 = 4. Suppose 5*c - 8 = n, -z*c - 40 = 5*n - 112. Calculate the highest common divisor of 36 and n.
12
Let g = -26 + 86. Calculate the highest common divisor of 15 and g.
15
Let m(h) = h**3 - 3*h**2 + 4*h. Let y be m(5). Suppose 0 = -2*j - 2*a + 66, j - 49 = -5*a + 4. Calculate the greatest common divisor of j and y.
14
Let h be (-6)/(76/(-64) - -1). What is the greatest common divisor of h and 128?
32
Let y(b) = -b. Let x be y(-6). Let d(s) = -2*s**3 + 3*s**2 + s - 2. Let t be d(2). Let z be (-7)/t*(5 - -19). What is the greatest common divisor of z and x?
6
Suppose 93*n = 89*n + 72. Calculate the highest common divisor of 54 and n.
18
Let n = -129 + 137. Calculate the greatest common divisor of n and 24.
8
Let s be (-696)/(-39) + 6/39. What is the greatest common divisor of s and 18?
18
Let n = 28 + -18. What is the highest common factor of n and 4?
2
Let u be (18 - 0) + 5 + -3. Suppose -4 = -3*r + u. Suppose -175 = -3*l - 55. What is the greatest common divisor of r and l?
8
Suppose 6*i = 3*i. Suppose i = -s + 19 - 3. What is the highest common divisor of s and 112?
16
Let b be -1 + 4 - (0 + 1). Suppose -7*k - 40 = -5*k. Let v be 158/8 + (-5)/k. Calculate the greatest common divisor of b and v.
2
Let i(t) = -t**3 + 5*t**2 + 7*t - 2. Let f be i(6). Suppose -f*y = -y - 33. Let x = y + 0. Calculate the greatest common factor of x and 77.
11
Suppose 0 = -4*x + 40. Suppose -2 = 2*f - x. Suppose -2*g + 3*g = -1, -f*g = 5*u - 61. Calculate the highest common factor of 13 and u.
13
Let c be 8/(-6)*9/(-2). Let h be 2 + (-5)/((-15)/c). Suppose -4*y = -s - 76, -3*y - 40 = -h*y - 5*s. Calculate the greatest common divisor of 10 and y.
10
Let l be (-3 + 9)/(6/33). Calculate the highest common factor of l and 11.
11
Let s(t) = -t**3 - 2*t**2 - 4*t + 5. Let z be s(-4). Let v = -38 + z. What is the greatest common divisor of v and 5?
5
Suppose -5*f - 4*u = -157, -5*f + 4*u + u = -175. Calculate the highest common divisor of 33 and f.
33
Let d be (3 - 2)/8 - (-71)/8. Suppose -9 = -5*l + 21. Calculate the greatest common factor of d and l.
3
Suppose -3*y = 5*h - 164, y + 1 = 4*h + 67. Suppose -3*f + 278 = 2*f - a, -a - y = -f. What is the greatest common factor of 11 and f?
11
Let y(o) = o**3 + 8*o**2 - 11*o - 10. Let w be y(-9). Suppose 5*j - w = -5*s - 3, 0 = s - 5*j - 13. Calculate the greatest common divisor of s and 33.
3
Let h(f) = 12*f**2. Let i be h(-2). Suppose o = 3*o - i. Calculate the greatest common divisor of 16 and o.
8
Let j(s) = -s**3 + 4*s**2 + 5. Let d be j(4). Suppose 0 = -0*b - d*b + 165. Calculate the greatest common factor of 11 and b.
11
Suppose 2*a = -y + 28, -5 = 2*a - 3*a. Suppose 4*k - 12 = 0, -w - 9 = -5*k + 4. Suppose -31 = -w*z - 7. Calculate the highest common factor of z and y.
6
Let u(i) = 7*i**2 + i. Let t be u(-1). Let a(r) = -4*r**3 + 5*r**3 - 2 - 2*r**2 - r + r**2. Let x be a(4). Calculate the highest common factor of t and x.
6
Suppose -19*i = -15*i - 48. Calculate the highest common factor of 48 and i.
12
Let r = -56 - -266. Calculate the highest common factor of r and 30.
30
Let y = -6 + 21. What is the greatest common divisor of y and 15?
15
Let l(d) = -3*d - 6. Let v(k) = -k**2 - 5. Let s be v(0). Let z be l(s). What is the greatest common factor of z and 27?
9
Let k = 42 + -33. Calculate the greatest common divisor of k and 63.
9
Suppose 2*b = -0*b + 28. Calculate the greatest common divisor of b and 154.
14
Suppose 4*d - 2*l - 16 = 0, 2 = -3*d + 4*l + 9. Suppose 4*j - d*j = -46. Let w be -2*(3 - 87/6). What is the highest common divisor of w and j?
23
Suppose -2*y + 28 = -4*w, 4*w + 35 = -w + 2*y. Let l(x) = -11*x + 3. Let h be l(w). Calculate the greatest common factor of 16 and h.
16
Let i be (-6)/4*220/(-33). Suppose 2*z - 62 = i. What is the greatest common divisor of z and 12?
12
Let o = -45 - -69. Calculate the highest common factor of o and 216.
24
Let x = 483 + -339. Suppose -5*a - 26 + 116 = 0. What is the highest common divisor of x and a?
18
Let x be (-161)/(-7) + 1*-3. Suppose 0 = -0*y - 2*y. Suppose 0*d + 2*d - x = y. What is the greatest common divisor of 110 and d?
10
Let q(j) = j**3 - 7*j**2 - 7*j - 6. Let v be q(8). Suppose -3*f - 27 = -5*c - 77, 0 = v*f + c - 16. Calculate the highest common divisor of 10 and f.
10
Let k(v) be the first derivative of -v**4/4 - v**3 - 3*v**2 + 6. Let q be k(-4). What is the highest common factor of q and 16?
8
Let n be ((-1)/3)/(3/9). Let a be 2 - -1*(n + 2). What is the greatest common factor of 1 and a?
1
Let h = -8 - -22. Let t(x) = 3*x**3 + 2*x**2 - x + 2. Let w be t(3). Calculate the greatest common factor of w and h.
14
Let i be 9/2*(-16)/(-6). Let c be -7*-4*2/(-4). Let k = c - -98. Calculate the highest common divisor of k and i.
12
Suppose n + 5*h - 188 = 0, 4*n - 850 = 2*h - 54. Calculate the greatest common divisor of n and 22.
22
Let d(m) = m**2 + 2*m - 8. Let p be d(-5). What is the highest common factor of 77 and p?
7
Suppose 3*k + 5*v = 67, 3*k - 51 = -v + 4*v. Let g be 2*-1*(-513)/6. Calculate the highest common factor of k and g.
19
Let a be 8/(-6)*9/(-2). Suppose -a*d + d = -10. Suppose 4 = 2*u - 6. Calculate the greatest common factor of u and d.
1
Let x = 117 + -29. What is the highest common divisor of 8 and x?
8
Let x = -22 + 36. Suppose 0 = -4*s + 557 + 139. Let g = s - 20. What is the highest common divisor of g and x?
14
Let z be (-3)/((-1)/1) + (-5 - -11). Calculate the greatest common factor of 81 and z.
9
Let x(f) = -f**2 + 7*f + 2. Let m be x(7). Suppose -27 = -4*p + 29. What is the greatest common divisor of p and m?
2
Let b be (-65)/(-2) - (-9)/6. What is the greatest common factor of b and 51?
17
Let a(l) = -9*l**3 + l**2 + 2*l + 1. Let n be ((-4)/(-6))/(4/(-6)). Let f be a(n). Let x be 1/4*2 + 1/2. Calculate the highest common divisor of x and f.
1
Let n(m) = -m**3 + m**2 + 2*m + 95. Let x be n(0). Suppose t = -5, 2*l = t + 4*t + 101. What is the greatest common factor of x and l?
19
Let p be 2/10 + 1323/135. Calculate the greatest common factor of p and 230.
10
Suppose 3*n - 2*n - 10 = 0. Let w(q) = 2*q**2 + 3*q + 2. Let j be w(-2). Calculate the greatest co